k(9).
555
Let v(p) = 127*p + 7150. Determine v(-56).
38
Let a(t) = t**2 - 14565*t + 2830534. Calculate a(197).
38
Let f(s) = -1574450*s + 14170056. What is f(9)?
6
Let r(v) = v**3 + 37*v**2 - 65*v - 510. Calculate r(-37).
1895
Let f(y) = -2*y**2 - 446*y - 2273. Determine f(-5).
-93
Let c(v) = 7*v**2 - 634*v + 6972. Give c(11).
845
Let t(x) = -364*x + 1175. Calculate t(9).
-2101
Let y(o) = 377*o**2 + 1482*o + 41. Determine y(-4).
145
Let w(u) = 2456*u + 34764. Give w(-12).
5292
Let d(i) = -i**3 + 39*i**2 - 168*i - 40. Give d(35).
-1020
Let q(t) = -2*t**2 + 63*t + 381. What is q(37)?
-26
Let o(f) = -f**3 - 68*f**2 + 318*f + 1507. Calculate o(-72).
-653
Let s(z) = -11*z**2 - 2792*z + 507. What is s(-254)?
-1
Let g(w) = 16970*w + 169689. What is g(-10)?
-11
Let g(f) = 174*f**3 - 6*f**2 - 10*f + 8. Give g(1).
166
Let a(h) = -2089*h - 820982. Determine a(-393).
-5
Let d(a) = -43*a**3 + 276*a**2 + 6*a - 11. Calculate d(5).
1544
Let a(r) = -3498*r - 45860. Determine a(-13).
-386
Let m(g) = g**2 - 217290*g + 16291124. Calculate m(75).
-1
Let u(t) = 803*t**2 + 8564*t - 2954. Calculate u(-11).
5
Let t(f) = -8*f**2 - 37*f + 275. What is t(-26)?
-4171
Let t(p) = p**3 - 8*p**2 - 33963*p + 474306. Give t(14).
0
Let m(g) = -68*g**2 + 57*g + 14. What is m(1)?
3
Let r(o) = -564*o + 4847. Give r(10).
-793
Let i(w) = -7*w**2 - 573*w + 471. Determine i(-83).
-193
Let s(l) = 9110*l + 10339855. Calculate s(-1135).
5
Let h(t) = -14698*t + 54460. What is h(4)?
-4332
Let p(d) = -2*d**2 + 114*d + 5075. Give p(-29).
87
Let o(j) = -9*j**2 - 4809*j - 74641. Determine o(-16).
-1
Let g(h) = 31693*h - 411999. Determine g(13).
10
Let v(y) = y**3 - 917*y**2 + 17971*y - 624. Give v(20).
-4
Let h(v) = -10*v**2 + 3241*v + 32455. What is h(-10)?
-955
Let t(a) = -a**2 - 43*a + 27832. Give t(-190).
-98
Let l(p) = -18*p**2 + 445*p + 446. What is l(-1)?
-17
Let g(n) = -251306*n - 251345. Calculate g(-1).
-39
Let r(o) = o**2 - 96*o - 9896. What is r(-81)?
4441
Let i(m) = m**2 - 254*m - 16291. Determine i(-52).
-379
Let n(t) = 8*t**2 - 3715*t - 80001. Determine n(485).
24
Let o(l) = -159*l - 18900. Determine o(-120).
180
Let h(d) = -3*d**3 + 1367*d**2 - 917*d + 2674. Calculate h(455).
-511
Let z(y) = 2*y**2 - 3005*y - 229859. Determine z(-73).
164
Let y(n) = -3*n**3 - 24*n**2 - 195*n - 1570. Calculate y(-8).
-10
Let h(y) = -y**2 - 94*y + 21202. Give h(106).
2
Let n(h) = h**3 + 55*h**2 - 290*h - 23153. What is n(-52)?
39
Let v(d) = -346*d + 5269. Calculate v(14).
425
Let a(p) = -p**3 + 8*p**2 + 232*p - 3167. Determine a(14).
-1095
Let v(n) = -477423*n - 2864536. What is v(-6)?
2
Let a(x) = -14*x**3 - 14*x**2 + 69*x - 35. What is a(3)?
-332
Let g(h) = 3*h**2 + 406*h + 14582. Calculate g(-38).
3486
Let z(n) = -2*n**3 + 9139*n**2 - n + 7. Give z(0).
7
Let w(z) = -21*z**2 - 1756*z + 672. What is w(-84)?
0
Let a(r) = -r**3 + 16*r**2 + 63*r - 13. Determine a(19).
101
Let o(h) = -65*h**2 - 1470*h - 3407. What is o(-20)?
-7
Let d(y) = 3*y**2 - 7048*y + 56040. What is d(8)?
-152
Let w(h) = 6*h**3 - 75*h**2 + 286*h - 10. Calculate w(4).
318
Let k(d) = 134*d**2 + 17827*d + 702. What is k(-133)?
37
Let f(x) = 4433*x + 22215. Give f(-5).
50
Let c(z) = -218936*z - 2627228. What is c(-12)?
4
Let w(z) = -z**3 - 11*z**2 + 1815*z + 20017. Calculate w(-11).
52
Let v(t) = -6*t**2 + 2535*t - 28412. Give v(411).
-53
Let u(v) = 3*v**3 - 134*v**2 + 758*v - 3726. Calculate u(39).
-21
Let s(y) = -106*y + 1459. What is s(16)?
-237
Let r(l) = 17*l**2 - 51*l - 604. Determine r(-14).
3442
Let a(l) = -455*l + 6145. Calculate a(15).
-680
Let d(z) = -212*z**3 + 2*z**2 - 1399*z - 1400. Calculate d(-1).
213
Let l(m) = -839*m + 75445. Determine l(90).
-65
Let o(j) = -619271*j + 53257316. Give o(86).
10
Let x(t) = 10*t**2 - 1796*t + 998. Calculate x(179).
-76
Let l(x) = 29*x**2 + 314*x + 53. Determine l(-10).
-187
Let t(y) = 2*y**2 + 232*y - 17036. Give t(-167).
-2
Let y(t) = 63095*t - 883369. Determine y(14).
-39
Let w(a) = -25*a**2 - 45*a + 324. Determine w(6).
-846
Let m(p) = 260*p**2 + 42632*p - 1300. Calculate m(-164).
12
Let a(r) = -r**3 + 279*r**2 - 10298*r - 9884. What is a(235)?
-14
Let q(p) = 400*p + 44805. Give q(-112).
5
Let a(k) = 2*k**2 - 66*k - 384. Give a(26).
-748
Let n(v) = -1226*v - 1409. What is n(-1)?
-183
Let v(z) = -495354*z + 2476702. Calculate v(5).
-68
Let r(b) = 8*b**2 + 1437*b - 27446. Give r(-197).
-63
Let y(x) = 950*x + 14627. Determine y(-16).
-573
Let r(j) = -1665*j - 179815. Calculate r(-108).
5
Let w(z) = 11*z**2 - 100*z - 130. Determine w(3).
-331
Let g(h) = 51523*h - 51552. Determine g(1).
-29
Let g(m) = -43316*m - 1862564. Calculate g(-43).
24
Let w(n) = -467*n - 3056. Give w(-7).
213
Let k(c) = c**3 - 152*c**2 + 5805*c - 7872. What is k(84)?
-60
Let x(j) = j**2 + 1263*j - 24248. Calculate x(19).
110
Let s(r) = -46*r**3 - 24610*r**2 + 6*r + 3225. What is s(-535)?
15
Let f(s) = s + 236. Determine f(-12).
224
Let z(y) = 138*y - 9885. Calculate z(70).
-225
Let s(u) = -40*u**2 - 901*u + 3607. Give s(-26).
-7
Let q(g) = 1188*g - 19588. Calculate q(17).
608
Let r(m) = 2*m**3 + 28*m**2 + 1179*m + 13573. Determine r(-12).
1
Let h(k) = -8259*k - 1915974. Determine h(-232).
114
Let i(c) = 16*c**2 - 167*c - 16. What is i(9)?
-223
Let d(m) = -m**3 + 42*m**2 - 322*m - 585. Give d(31).
4
Let c(l) = -111*l**2 - 3551*l + 85. Give c(-32).
53
Let o(k) = -11*k**2 + 489*k + 845. Determine o(0).
845
Let u(x) = -2*x**2 - 106*x - 847. Calculate u(-57).
-1303
Let o(s) = 13*s**3 - 161*s**2 - 297*s + 2500. Calculate o(13).
-9
Let m(o) = -o**2 + 131*o + 2875. What is m(-19)?
25
Let a(k) = 24*k**2 - 80*k - 777. Calculate a(-9).
1887
Let i(j) = -1480*j**2 + 7301*j + 539. What is i(5)?
44
Let c(w) = 720*w + 141692. What is c(-197)?
-148
Let i(v) = -16*v**2 + 236*v - 1182. Give i(7).
-314
Let i(x) = x**3 + 99*x**2 + 15*x + 41. What is i(0)?
41
Let t(y) = -445*y + 47675. Determine t(107).
60
Let i(j) = j**3 - 388*j**2 + 4997*j - 45751. Calculate i(375).
-1
Let p(z) = -z**3 - 81*z**2 - 287*z - 4193. What is p(-78)?
-59
Let a(v) = -2*v**3 + 140*v**2 - 21*v + 520. Give a(70).
-950
Let k(g) = -g**2 - 7*g + 13911. Calculate k(112).
583
Let o(i) = i**2 - 4283*i + 216999. What is o(51)?
1167
Let t(r) = -r**3 - 85*r**2 - 1538*r + 34. Give t(-26).
138
Let q(o) = -2*o**2 + 175*o + 14313. Determine q(-61).
-3804
Let b(n) = -215*n + 3491. Determine b(18).
-379
Let k(t) = 56*t**2 - 672*t - 155. Give k(12).
-155
Let m(i) = -50733*i + 101475. Give m(2).
9
Let q(z) = 4*z**3 - 109*z**2 - 10*z - 158. Determine q(27).
-1157
Let d(u) = u**3 - 245*u**2 - 3340*u - 55. Calculate d(-13).
-237
Let n(v) = -v**3 + 137*v**2 - 23749*v + 3296404. Determine n(138).
-2
Let s(v) = 116*v - 12079. Calculate s(101).
-363
Let l(w) = 254*w - 59984. What is l(236)?
-40
Let w(d) = -d**3 + 50*d**2 - 338*d + 4956. Calculate w(45).
-129
Let m(s) = -13307*s + 10339531. Give m(777).
-8
Let a(v) = -v**3 + 567*v**2 - 4572*v + 55900. Calculate a(559).
0
Let t(u) = 4*u**2 - 1173*u + 64456. What is t(220)?
-4
Let m(u) = 689695*u - 6207260. What is m(9)?
-5
Let o(d) = -3*d**3 - 595*d**2 - 1697*d + 210. Determine o(-3).
27
Let w(i) = 236*i**3 - 26*i**2 + i - 6. What is w(2)?
1780
Let u(h) = h**2 + 10690*h - 343107. Calculate u(32).
-3
Let y(p) = -2*p**2 + 475*p + 12533. What is y(-24)?
-19
Let i(z) = 724*z + 129912. What is i(-179)?
316
Let f(y) = -3116*y - 1551767. Give f(-498).
1
Let g(r) = 53*r**2 - 1155*r - 1216. Determine g(-1).
-8
Let t(b) = -b**3 - 20*b**2 - 24*b - 123. Determine t(-11).
-948
Let y(q) = -2*q**3 + 192*q**2 - 372*q - 387. Give y(94).
-11
Let d(k) = 45*k**3 - 6*k**2 + 256*k + 1027. What is d(-4)?
-2973
Let g(n) = n**2 - 178714*n + 1072251. Give g(6).
3
Let o(z) = z**3 - 162*z**2 + 337*z - 3050. Calculate o(160).
-330
Let w(i) = -2989*i - 134483. Determine w(-45).
22
Let t(m) = -6*m**2 - 1631*m + 168882. Give t(80).
2
Let d(p) = -207*p - 3391. Calculate d(-18).
335
Let g(j) = 171*j - 31241. What is g(182)?
-119
Let o(r) = -r**3 - 3*r**2 - 1939*r + 58350. Determine o(23).
-1
Let q(m) = 5*m**3 - 13*m**2 - 141*m - 515. Give q(-5).
-760
Let a(v) = v**3 - 23*v**2 + 363*v + 1911. Give a(-4).
27
Let t(g) = -2*g**3 + 173*g**2 - 3520*g - 367. Calculate t(33).
-4
Let j(i) = 4*i**3 + 345*i**2 + 57*i - 178. Calculate j(-86).
2316
Let z(n) = -n**3 + 27*n**2 -